mmon factor of 1546 and 10?
2
What is the highest common factor of 146048 and 46781?
1141
Calculate the highest common factor of 1788 and 3462.
6
Calculate the greatest common divisor of 3042 and 2223.
117
Calculate the highest common factor of 63605 and 45.
5
Calculate the greatest common factor of 506 and 32010.
22
Calculate the greatest common divisor of 145 and 720215.
145
What is the greatest common divisor of 102 and 107049?
51
Calculate the greatest common divisor of 1046991 and 22.
11
Calculate the highest common divisor of 4277727 and 2482.
1241
What is the greatest common factor of 1133 and 11?
11
What is the greatest common divisor of 471291 and 85?
17
Calculate the greatest common factor of 291068 and 20.
4
What is the highest common divisor of 268296 and 378?
42
Calculate the highest common factor of 46870 and 1161.
43
Calculate the highest common divisor of 20 and 15500.
20
Calculate the greatest common factor of 68210 and 40850.
190
Calculate the greatest common divisor of 196 and 178507.
49
What is the highest common divisor of 4348 and 4?
4
What is the highest common factor of 376 and 5772?
4
What is the highest common divisor of 3820 and 360?
20
What is the greatest common factor of 104175 and 20025?
225
What is the highest common divisor of 3909 and 48?
3
Calculate the highest common factor of 21604 and 24.
4
What is the highest common divisor of 1057 and 21608251?
1057
Calculate the greatest common factor of 126168 and 3024.
168
What is the greatest common factor of 1746849 and 141?
141
What is the highest common factor of 11229 and 394?
197
Calculate the greatest common factor of 8620905 and 15.
15
What is the greatest common factor of 8 and 18508?
4
What is the greatest common divisor of 298497 and 876?
219
Calculate the highest common factor of 11 and 5022.
1
Calculate the greatest common factor of 16473 and 459.
51
What is the highest common factor of 2048 and 12800?
512
What is the greatest common factor of 1694 and 6645562?
1694
What is the highest common factor of 13630 and 155730?
290
What is the greatest common factor of 10326 and 48?
6
Calculate the greatest common factor of 4 and 24118.
2
What is the highest common factor of 52035 and 105?
15
What is the highest common factor of 60 and 60975?
15
What is the highest common divisor of 1183266 and 126?
126
Calculate the highest common factor of 255 and 2899095.
255
What is the greatest common factor of 4797304 and 4?
4
Calculate the greatest common divisor of 1515312 and 619.
619
Calculate the greatest common factor of 5304 and 240552.
312
What is the highest common divisor of 604 and 4259257?
151
Calculate the highest common divisor of 80 and 81560.
40
What is the greatest common factor of 36594 and 1070?
214
What is the highest common factor of 548 and 440044?
548
What is the greatest common factor of 188 and 2417633?
47
What is the greatest common factor of 180612 and 126?
18
What is the greatest common divisor of 6611 and 6?
1
What is the highest common factor of 18 and 299254?
2
Calculate the highest common factor of 6 and 43521.
3
What is the highest common factor of 106775 and 25?
25
What is the greatest common divisor of 7626 and 410?
82
What is the greatest common divisor of 8 and 11140?
4
What is the greatest common factor of 1219 and 27719?
53
Calculate the highest common divisor of 31813 and 145.
29
What is the greatest common divisor of 680 and 580040?
680
What is the highest common divisor of 9 and 399780?
9
Calculate the greatest common divisor of 567973 and 5.
1
What is the highest common factor of 4 and 3018?
2
Calculate the greatest common divisor of 5677 and 259.
7
Calculate the highest common divisor of 3498 and 10706.
106
Calculate the highest common divisor of 1801 and 123.
1
Calculate the greatest common divisor of 3647 and 7.
7
What is the greatest common factor of 693486 and 177?
177
What is the greatest common factor of 27950 and 847100?
2150
Calculate the greatest common divisor of 4650 and 48918.
186
What is the highest common factor of 210 and 549570?
210
What is the highest common divisor of 698 and 2310031?
349
What is the greatest common factor of 1632 and 864?
96
Calculate the greatest common factor of 61 and 3233.
61
Calculate the greatest common divisor of 1731241 and 843.
281
Calculate the greatest common divisor of 3 and 13124.
1
What is the highest common factor of 32592 and 96?
48
Calculate the highest common divisor of 2277 and 6808.
23
Calculate the greatest common factor of 1948 and 990071.
487
Calculate the highest common factor of 800 and 12256.
32
Calculate the highest common divisor of 117 and 21699.
9
What is the greatest common factor of 794 and 4?
2
What is the highest common factor of 8877 and 33087?
807
Calculate the highest common divisor of 14580 and 61020.
540
What is the greatest common divisor of 6 and 4041?
3
Calculate the greatest common divisor of 302 and 4254.
2
Calculate the greatest common divisor of 563024 and 462.
154
Calculate the greatest common divisor of 2613 and 70953.
201
Calculate the greatest common divisor of 14892 and 2924.
68
Calculate the highest common divisor of 40255 and 10185.
485
Calculate the greatest common divisor of 12 and 3854868.
12
Calculate the greatest common factor of 433953 and 117.
117
Calculate the highest common divisor of 33488 and 1932.
644
Calculate the highest common divisor of 10 and 43370.
10
Calculate the greatest common divisor of 28 and 2492938.
14
What is the greatest common factor of 80 and 45985?
5
What is the highest common divisor of 32 and 104584?
8
Calculate the greatest common factor of 3726 and 11.
1
What is the greatest common factor of 65 and 1325935?
65
What is the highest common factor of 24 and 56216?
8
What is the highest common factor of 186789 and 76?
19
What is the greatest common divisor of 630 and 14658?
42
What is the highest common divisor of 1323 and 2287467?
1323
Calculate the greatest common factor of 4216571 and 29.
29
Calculate the greatest common factor of 385 and 3347960.
385
Calculate the highest common factor of 47194 and 1386.
14
Calculate the highest common divisor of 31 and 44082.
31
What is the greatest common divisor of 186133 and 17?
17
Calculate the highest common factor of 378 and 88938.
54
Calculate the greatest common divisor of 27334 and 1730.
346
Calculate the highest common divisor of 5992 and 72.
8
What is the greatest common factor of 275450 and 1050?
350
What is the greatest common divisor of 1026022 and 1436?
718
Calculate the highest common divisor of 9072 and 88.
8
Calculate the highest common divisor of 49917 and 2793.
21
Calculate the greatest common divisor of 8591528 and 187.
187
Calculate the greatest common divisor of 110539 and 429.
143
What is the greatest common factor of 3 and 9006?
3
What is the highest common divisor of 7887 and 2112?
33
Calculate the highest common factor of 33192 and 936.
72
What is the highest common divisor of 523897 and 1964?
491
Calculate the greatest common factor of 35352 and 72.
72
Calculate the highest common factor of 27922 and 69.
23
What is the greatest common divisor of 363368 and 5088?
424
Calculate the greatest common factor of 465 and 49770.
15
Calculate the highest common factor of 4203 and 2043.
9
Calculate the highest common divisor of 328 and 216152.
328
What is the greatest common factor of 81984 and 1134?
42
What is the highest common divisor of 395 and 64622?
79
Calculate the greatest common factor of 264 and 131934.
66
What is the highest common factor of 2170718 and 22?
22
Calculate the greatest common factor of 1194700 and 2.
2
Calculate the highest common factor of 27833 and 12883.
13
Calculate the highest common divisor of 63415 and 22.
11
What is the greatest common divisor of 15036 and 672?
84
What is the highest common factor of 1482900 and 2400?
300
What is the greatest common factor of 40 and 114340?
20
What is the highest common factor of 1365 and 15155?
35
What is the highest common divisor of 1135 and 115?
5
Calculate the greatest common divisor of 36 and 1785906.
18
What is the highest common divisor of 720 and 48870?
90
Calculate the highest common divisor of 27254 and 72.
2
Calculate the greatest common factor of 137 and 1412607.
137
Calculat